er when o(3) is divided by 16.
15
Let m = 59 + -29. Suppose 5*s = 2*s + m. What is the remainder when 17 is divided by s?
7
Let k be -6 + 2 + 7 + 27. Suppose 2*a + k - 102 = 0. What is the remainder when a is divided by 10?
6
Let c = -32 - -35. Suppose -r - 1 = 3*p - c, 2*p = 5*r - 61. Let v(h) = -h**2 - 5*h + 4. What is the remainder when r is divided by v(-5)?
3
Let z(x) = -5*x**3 + x + 1. Calculate the remainder when z(-2) is divided by 10.
9
What is the remainder when ((-3)/2)/((-2)/40) is divided by 11?
8
Let c(z) = -8*z**3 + z**2 + z. Suppose m - 7*m = -126. Calculate the remainder when m is divided by c(-1).
5
Let p be (-2)/11 + 48/22. Suppose -p*j = 3*j - 80. What is the remainder when 29 is divided by j?
13
Suppose w + 2 = 2*w. What is the remainder when 2 is divided by w?
0
Let b be (-1 - 4/(-6))*-12. Let m be 6 + 0*(-2)/b. Let j = m + 9. Calculate the remainder when 59 is divided by j.
14
Suppose 39 = -0*y + 4*y - 5*s, 3 = 3*y + 5*s. What is the remainder when y is divided by 2?
0
Suppose 4*p - 16 + 0 = 0. Calculate the remainder when 9 is divided by p.
1
Calculate the remainder when 49 is divided by 30/(-4)*((-2)/(-3) - 2).
9
Suppose 3*z + 170 = 8*z. Let j = 67 - z. What is the remainder when j is divided by 9?
6
Let i = 169 - 88. What is the remainder when i is divided by 14?
11
Let u = -167 + 184. Calculate the remainder when 58 is divided by u.
7
Let q(w) = w**3 - 11*w**2 + 14*w - 8. What is the remainder when (62/4)/((-1)/(-4)) is divided by q(10)?
30
Suppose 0 = 2*x - 6*x + 144. What is the remainder when x is divided by (-156)/18*3/(-2)?
10
Let v = 6 - 2. Suppose 2*u = -0*u + 58. Calculate the remainder when u is divided by v/(-10) - 52/(-5).
9
Let m = 269 - 385. Let j = 10 + m. Let f = -63 - j. Calculate the remainder when f is divided by 11.
10
Suppose 0 = -p + 47 - 10. Calculate the remainder when p is divided by 13.
11
Let f = 7 - 2. Suppose -f*u + 39 = -106. Suppose 60 = 3*l - 4*w, -6*l + w = -10*l + 61. Calculate the remainder when u is divided by l.
13
Let n = 25 - 31. Calculate the remainder when 86 is divided by 116/n*36/(-24).
28
Calculate the remainder when 180/5 - (-9)/3 is divided by 21.
18
Let z be 2 + 1/(-1) + 4. Suppose -3*p + 4*d = -43, 13 = -2*d + z. Suppose 5 = 5*x, -3*y + 55 = -0*y + 4*x. What is the remainder when y is divided by p?
8
Suppose -5*o + 0*g - 110 = -5*g, -g = 2*o + 50. What is the remainder when 37 is divided by (-4)/o*-2*-39?
11
Suppose -2*j = -0*j + p - 50, j - 2*p = 35. Suppose 2*h - 2 = 4. Suppose i + h = -d + 15, -4*i = -3*d - 62. What is the remainder when j is divided by i?
13
Let p(o) = o**3 + 11*o**2 - 13*o + 6. What is the remainder when 52 is divided by p(-12)?
16
Calculate the remainder when 11 is divided by 4/(-22) + 360/44.
3
Suppose -2*c = -4*w - 5*c - 187, 106 = -2*w - 4*c. Let s = w + 65. What is the remainder when s is divided by 8?
6
Let s = 4 - 2. Suppose -5*v + 5*t = -110, 88 = v + 3*v - s*t. What is the remainder when 63 is divided by v?
19
Let d = 8 + -3. What is the remainder when 14 is divided by d?
4
Let t = 1 + 1. What is the remainder when 2 is divided by t?
0
Let h = 79 - 54. Let k = 18 - 9. Calculate the remainder when h is divided by k.
7
Let o = -12 + 18. Let u(m) = -m**3 + 8*m**2 - 9*m + 7. Calculate the remainder when 48 is divided by u(o).
23
Suppose -2*z + z = 0, 13 = x - 5*z. Calculate the remainder when x is divided by 5.
3
Let l = -52 - -81. Calculate the remainder when l is divided by 22.
7
Let c(d) = 2*d**3 - 4*d**2 + 3*d - 1. What is the remainder when 6 is divided by c(2)?
1
Let a(g) = -g + 9. Let j be a(8). Suppose -4*z - j = -2*v + 5, -5*z = v - 17. What is the remainder when 11 is divided by v?
4
Suppose 39 = -2*s + 165. Calculate the remainder when s is divided by 13.
11
Let q = 13 + 7. Suppose 3 = -v + q. Calculate the remainder when 33 is divided by v.
16
Suppose -2*w = 5*v - 0*v - 61, -21 = -2*w + 3*v. Calculate the remainder when w is divided by 10.
8
What is the remainder when 42 is divided by ((-6)/8)/(4/(-48)) + 3?
6
Let t be 7*(-2)/(4/(-6)). Suppose 2*q - 5*q - t = 0. Let a(b) = -b**3 - 8*b**2 - 10*b. Calculate the remainder when 40 is divided by a(q).
19
Calculate the remainder when ((-6)/(-8))/(1/52) is divided by -1 + 15 + (5 - (-2 + 1)).
19
Suppose 0 = v + 3*u - 3, -3*u = -3*v + 69. Calculate the remainder when 4 - 2 - (-7 + -43) is divided by v.
16
Let a = 14 - 9. Suppose -3*h - 36 = -a*h. Calculate the remainder when 51 is divided by h.
15
Calculate the remainder when 36 is divided by (9/(-6))/(18/(-120)).
6
Suppose 0 = -4*g + 3*g - 5. Let w be (-5 - g)*2/6. Suppose 0*l + 5*l - 65 = w. What is the remainder when 24 is divided by l?
11
Let b(d) = -d**2 + d + 2. Let l be 0 - -4 - 6/3. Calculate the remainder when l/5 - (-46)/10 is divided by b(0).
1
Suppose 0 = 5*k - 4*l - 94, 2*l - 4*l = 3*k - 52. What is the remainder when 33 is divided by k?
15
Let s = -3 + 1. Let a be s/(-8) - (-1485)/12. Suppose -3*d + 2*i = -a, -3*i + 65 + 9 = 2*d. Calculate the remainder when d is divided by 14.
12
Suppose 0 = 4*s - 3*s - 3. Suppose -66 = s*n - 3*c + c, -2*n = -2*c + 44. Calculate the remainder when (-2)/4*n + -2 is divided by 5.
4
What is the remainder when 5/(3 + 78/(-27)) is divided by 8?
5
Suppose -20 = 3*n - 7*n. Suppose y = 3*u - 32, 4*u - 21 = -n*y + 2*y. Suppose u + 1 = 2*j. What is the remainder when 13 is divided by j?
3
Let h be 5/2 - (-2)/4. Suppose 4*z = -h*q + 6, 3*z = 2*q + 2*z + 7. What is the remainder when 24 is divided by (-75)/(-6) + (-1)/q?
11
Let b(n) = n - 1. Let h be b(1). Suppose 0*w + 2*w - 24 = h. Let j = w + -4. Calculate the remainder when 22 is divided by j.
6
Calculate the remainder when (3/(-2))/(-1 - 33/(-36)) is divided by (-1)/(-1)*-1*-10.
8
Calculate the remainder when (2 - 0)*(-3 - 154/(-4)) is divided by 25.
21
Let z(r) = r + 4. Let g be z(-4). Let n(t) = t**3 + t**2 + t + 56. Let m be n(g). Suppose 5*p - 171 + m = 0. What is the remainder when p is divided by 6?
5
Calculate the remainder when 168 is divided by -4 + (-284)/(-12) - (-4)/(-6).
16
Let i be (6/(-4))/(6/(-8)). Suppose i + 12 = u. What is the remainder when 40 is divided by u?
12
Let u = -102 - -140. Calculate the remainder when u is divided by -1 - (-12 + -1 - 2).
10
Suppose f = 2*f - 34. Suppose 3*c - 5*c + 30 = i, -2*c - 3*i = -f. What is the remainder when 53 is divided by c?
11
Suppose -19 - 21 = -2*u. Suppose 0 = 9*c - 4*c - 2235. What is the remainder when c/12 + 3/4 is divided by u?
18
Let s(q) = -q**3 - 2*q**2 + q - 2. Suppose 0 = 3*g + g - 12. Calculate the remainder when s(-3) is divided by g.
1
Suppose 0 = -2*c + 4 + 2. Suppose -c*i + 2*i + 5*d = -35, -2*i + d + 34 = 0. Calculate the remainder when i is divided by 4.
3
Let m(u) = u**2 + 4*u + 5. Let r be m(4). Suppose -74 = -3*x + r. What is the remainder when x is divided by 10?
7
Let s(f) = f**2 - 2*f - 1. Let j be 10/45 - 38/9. What is the remainder when s(-4) is divided by ((-24)/(-3))/(j/(-6))?
11
Suppose -j = -4*x - 6*j + 28, -2*x - 4 = -2*j. Calculate the remainder when 4 is divided by x.
0
What is the remainder when 126 is divided by 3/(-9) - 194/(-6)?
30
Let s = 29 - 15. Calculate the remainder when s is divided by 5.
4
Let w(f) = -16*f + 3. Suppose 0*t - 207 = -3*t. What is the remainder when t is divided by w(-2)?
34
Suppose 4*a + 3*v = 77, 5*v - 83 = -8*a + 4*a. Let o(g) = -g**2 - 11*g - 12. Calculate the remainder when a is divided by o(-9).
5
Let y be (-21)/28 + (-1086)/(-8). Suppose -8*u + 3*u = -y. What is the remainder when 52 is divided by u?
25
Suppose 18 = -v - 2*v. Let g(m) = -6*m - 7. What is the remainder when g(v) is divided by 16?
13
Let r = 12 - 10. Suppose o + 75 = r*o. Calculate the remainder when o is divided by 19.
18
Let n = -200 - -366. Calculate the remainder when n is divided by 19.
14
Calculate the remainder when (0 + 1)/((-1)/(-35)) is divided by (65/10 + -7)/(2/(-48)).
11
Let q be (44/10)/((-2)/10). What is the remainder when 33 is divided by -8 + 4 - (0 + q)?
15
Suppose -34 = -3*t - 4. What is the remainder when 19 is divided by t?
9
Let s = 16 + 15. Suppose 0 = -3*d + 41 - 8. Calculate the remainder when s is divided by d.
9
Let o(x) = 2*x + 12. Calculate the remainder when o(3) is divided by -1*(-1*6 + 1).
3
Let u(k) = 2*k**2 - 2*k + 6. Let